 -65 - -92. Suppose -h = -4*u + 1. Let r = u - -6. Calculate the remainder when 38 is divided by r.
12
Let p(n) = 7 + 4 - 1 - n. Let o be p(8). Suppose g - 3*h + o + 0 = 0, 2*h - 41 = -5*g. Calculate the remainder when 13 is divided by g.
6
Let o(p) = -p - 7. Let n be o(6). Let g = 17 - n. Let h(i) = i**3 + 7*i**2 - 2*i + 2. What is the remainder when g is divided by h(-7)?
14
Suppose -22*o - 216 = -26*o. Suppose 0 = 2*a + a - o. What is the remainder when a is divided by 10?
8
What is the remainder when 68 + -4 - 2 - -3 is divided by 51/2*10/15?
14
Let q(a) = a**3 + 11*a**2 + 7*a - 14. What is the remainder when (-2)/((-48)/45 - -1) is divided by q(-10)?
14
Let u be 3*3/((-3)/5). Calculate the remainder when 25 is divided by (-10)/(-4)*(-78)/u.
12
Let l(x) = -x**3 + 10*x**2 + 5. What is the remainder when 19 is divided by l(10)?
4
Suppose 2*h - h = -5*q + 57, 0 = 4*q + 5*h - 54. What is the remainder when q is divided by 7?
4
Suppose 4*a - 128 - 52 = -5*w, 0 = 4*a. Calculate the remainder when 322 is divided by w.
34
Let i(x) = -44*x**2 + 1. Let o(z) be the first derivative of 15*z**3 - z + 2. Let w(h) = -6*i(h) - 5*o(h). Calculate the remainder when w(-1) is divided by 20.
18
Let a(w) = 10*w. What is the remainder when a(7) is divided by 18?
16
Let h(b) = 0*b**2 + 7*b**2 - 1 - 5 + 4. What is the remainder when h(2) is divided by 0/(2*-1) + 9?
8
Suppose v + 2*v = 72. Let u = -4 + v. What is the remainder when 79 is divided by u?
19
Suppose 4*n + 24 = 5*o, 2*o - 9 = -2*n - 3. Suppose j = 4*i - 3, -4*i - i = 2*j - 46. Calculate the remainder when j is divided by o.
1
Suppose 17*f = 12*f + 160. What is the remainder when f is divided by 20?
12
Let u = 13 - 8. Let o(g) = g**2 - 8*g - 7. Let a be (-37)/(-4) + 1/(-4). Calculate the remainder when u is divided by o(a).
1
Let l(q) = q + 28. What is the remainder when l(-15) is divided by 4?
1
Let n(p) = -2*p - 7. Let d be n(-12). Let q = d - 6. Calculate the remainder when 41 is divided by q.
8
Let a be (0 - 6/1) + 2. Let k(p) = -p**3 - 4*p**2 + 5. Let z be k(a). Suppose 2*n = 0, -i + 0*i = -z*n - 37. What is the remainder when i is divided by 13?
11
Calculate the remainder when 52 is divided by (-1)/3*162/(-6).
7
Suppose -3 = -d + w + 8, -2*w = -5*d + 43. Calculate the remainder when 20 is divided by d.
6
Let p(z) = 59*z - 11. What is the remainder when p(5) is divided by 57?
56
Suppose -3*x = 4*d + x - 12, -5*d = -2*x - 36. Calculate the remainder when (6 - 2)*(-15)/(-4) is divided by d.
3
Suppose -209 = -6*c - 5*c. What is the remainder when 54 is divided by c?
16
Let v = 134 - 60. Suppose -2*q + 5*g + 11 = 0, 0 = -3*q - 4*g + v. Calculate the remainder when 53 is divided by q.
17
Let c = -8 + 39. What is the remainder when c is divided by 8?
7
Let g be (-26)/(-6) - (-8)/12. Suppose -g*i + 20 = -150. Suppose -36 - i = -2*l. What is the remainder when l is divided by 9?
8
Let s(j) = j**3 + 21*j**2 + 19*j - 2. Calculate the remainder when s(-20) is divided by 10.
8
Let x be (-1)/2*(-26 - -2). Suppose h - x = 5. Calculate the remainder when h is divided by 9/((-2)/2*-1).
8
Suppose 129 = -5*o - 11. Let i = -16 - o. Let p(b) = 4*b**2 - 2*b + 4. Calculate the remainder when p(3) is divided by i.
10
Let f(l) = l**2 - 9*l + 5. Let o be 1/(-2)*4*-4. Let g be f(o). Let i(q) = 2*q**2 + 4*q - 1. Calculate the remainder when 18 is divided by i(g).
3
Let z(p) = -p**2 + 8*p + 18. Calculate the remainder when 53 is divided by z(8).
17
Suppose -2*b - 2*u + 42 = 0, -111 = 2*b - 6*b + 5*u. Let s be 2/(-5) + b/10. Suppose -2*h - s*h + 64 = 0. Calculate the remainder when h is divided by 6.
4
Suppose -2*r - 2*r + 3*z = -5, -5*r + 5 = -5*z. Calculate the remainder when (-8)/r + 6 - -16 is divided by 10.
8
Suppose 0 = -2*h - 2*h + 24. Let b = -1 + h. Suppose f = -4*a + 25, f - a - 4*a = -11. What is the remainder when f is divided by b?
4
Let z = -6 + 10. Suppose 0*c - 2*c = -5*k + 17, -z*k + 10 = -c. What is the remainder when 34 is divided by 146/12 + 1/c?
10
Suppose 0 = -15*o + 20*o - 145. Calculate the remainder when 170 is divided by o.
25
Let s(m) = m**3 + 10*m**2 + 9*m. Calculate the remainder when s(-4) is divided by 21.
18
Suppose -4*w + 1 = w - 3*l, 3*l = 9. Suppose 7*f - 3*f - 64 = 0. What is the remainder when ((-174)/(-9))/(w/3) is divided by f?
13
Suppose -5*y = -2*z - 401, 2 = -0*z + z. Calculate the remainder when y is divided by 28.
25
Suppose -z + 2*q = -0*q - 26, -47 = -2*z + 3*q. Let l = 293 + -264. Calculate the remainder when l is divided by z.
13
Calculate the remainder when (-4)/16 - (-831)/12 is divided by 14.
13
Let v(n) be the second derivative of n**3/3 - n**2/2 - n. Let g(h) = 6*h**2 - 2*h - 3. What is the remainder when g(-2) is divided by v(5)?
7
What is the remainder when (-1 + -2)/((-5)/390*2) is divided by 30?
27
Let q(a) = 2*a + 2. What is the remainder when q(5) is divided by (4 + (-1 - -4))*1?
5
Suppose -6 = -4*y + 46. Calculate the remainder when y is divided by 7.
6
Suppose -p + 0*p - 22 = 3*u, -3*u - 4*p = 25. Calculate the remainder when (-121)/u + 18/(-63) is divided by 10.
7
Calculate the remainder when 47 is divided by 14*(-1)/(21/(-18)).
11
Suppose -8*p + 7*p + 5 = 0. Let s be (-4)/12 - 38/(-6). Suppose d - p = -2*h - 3, 2*h + s = -3*d. Calculate the remainder when 7 is divided by h.
1
Let u(q) = -3*q**3 - 7*q**2 + 2*q + 1. What is the remainder when u(-4) is divided by 26?
21
Suppose 0 = -4*u + 2*u + 66. Calculate the remainder when u is divided by (1/(-1) - 0) + 10.
6
Let q(z) = z**2 + 5*z + 5. What is the remainder when q(-6) is divided by 3?
2
What is the remainder when 133 is divided by (-69)/((-9)/(-6)*-1)?
41
Let n = -5 - 0. Suppose -m - 5*j + 2*j + 105 = 0, 3*m - 250 = 4*j. What is the remainder when ((-8)/n)/(12/m) is divided by 7?
5
Suppose 4*l + 44 = -2*p - 0*l, -4*p - 68 = 3*l. Let b = p - -20. What is the remainder when (12 + -2)/((-5)/(-5)) is divided by b?
4
Let s = -24 + 85. What is the remainder when s is divided by 16?
13
Let x = 51 - -10. Calculate the remainder when x is divided by 16.
13
Let t be 522/30 + 2/(-5). Let k = -11 + t. Let a(j) = j**3 + j**2 - 2*j + 2. What is the remainder when a(2) is divided by k?
4
Let c = 15 + -10. Suppose c*l = l + 16. Let a = -3 + l. What is the remainder when 2 is divided by a?
0
Suppose -5*b = 4*i - 195, -2*i = 4*b - 150 + 48. Calculate the remainder when i is divided by 23.
22
Let c = -61 + 131. What is the remainder when c is divided by 4 + (2 - 0) + 18?
22
Let s = -18 - -25. Suppose -i = i - 78. Suppose -b + i = 2*b. What is the remainder when b is divided by s?
6
Suppose 0*h + 12 = h. Calculate the remainder when (-2108)/(-93)*(-3)/(-2) is divided by h.
10
Let l(s) = 2*s + 11. Let k(q) = -q - 7. Let o(t) = 8*k(t) + 5*l(t). Let c be o(1). Let u = c + 2. What is the remainder when 6 is divided by u?
0
Let a be (-2 + 1)*(1 + -1). Let k(f) be the second derivative of f**3/6 + 4*f**2 - 2*f. What is the remainder when 23 is divided by k(a)?
7
Let r(u) = -u - 16. Let w(a) = -5*a - 81. Let n(j) = -11*r(j) + 2*w(j). Let m be n(-10). Suppose g - 90 = -m*g. Calculate the remainder when g is divided by 7.
4
Suppose 8*g - 3*g - 65 = 0. Let l be (-16)/8*g/(-2). Suppose -l = -3*c + 26. Calculate the remainder when 24 is divided by c.
11
Let f be (-14)/6 - 2/(-6). Calculate the remainder when 41 is divided by -1 - -15 - (f + 2).
13
Suppose a = -2*p + 155, -2*p = -3*a - 118 - 17. Suppose -i = -6*i + p. What is the remainder when 28 is divided by i?
13
Let w(j) = j**2 + 9*j - 31. What is the remainder when w(-14) is divided by 20?
19
Suppose 2*m + o + o = 16, -28 = -2*m - 5*o. What is the remainder when m is divided by 2?
0
Let k = 1 - -7. Let s = 604 - 408. What is the remainder when s/9 + (-6)/(-27) is divided by k?
6
Let y be ((-1)/(-2))/((-1)/30). Let w = y + 26. Suppose 0 = -2*p + w + 1. Calculate the remainder when p is divided by 4.
2
Let o = -157 + 241. Suppose q - 4*p = -q + o, p = 4. Calculate the remainder when q is divided by 17.
16
Suppose -193 = -3*y - 4*u + 22, 0 = 5*y + 3*u - 351. What is the remainder when y is divided by 10?
9
Let y = -80 + 174. What is the remainder when y is divided by 24?
22
Let v(i) = -3*i + 16. Calculate the remainder when 117 is divided by v(-8).
37
Let r(b) = b**3 - 2*b**2 - 3*b - 1. Ca